1101011101?
11010010010001
In base 9, what is -7372280 + 3?
-7372276
In base 16, what is -24cc9 + -3?
-24ccc
In base 9, what is -808204 + -1?
-808205
In base 4, what is -2 + -13102131?
-13102133
In base 8, what is 221 - 25404?
-25163
In base 4, what is -111020 + -1313?
-112333
In base 3, what is 12201200011 - 20?
12201122221
In base 4, what is 2103120 + -1001?
2102113
In base 16, what is -4 - b1e?
-b22
In base 10, what is -1110 - -63?
-1047
In base 5, what is 12331 - -122441?
140322
In base 15, what is -16aa + -92?
-174c
In base 11, what is 153 - 18?
136
In base 9, what is -1276566 + -3?
-1276570
In base 8, what is -1 + -404?
-405
In base 5, what is -14 - -32433?
32414
In base 3, what is 12 - 21210121?
-21210102
In base 13, what is -1302 - -6?
-12c9
In base 6, what is -253224 + -5?
-253233
In base 11, what is 3 - -a358?
a360
In base 9, what is -16586 + 1?
-16585
In base 7, what is -3 - 4125406?
-4125412
In base 10, what is 5 - -125855?
125860
In base 13, what is 2 + 3760?
3762
In base 7, what is -3 - -1113136?
1113133
In base 11, what is 9a + 59?
148
In base 9, what is -16267 + 88?
-16168
In base 15, what is 434 + 54e?
983
In base 9, what is 0 - 18784?
-18784
In base 6, what is 331 - 120302?
-115531
In base 15, what is 6810 - -9?
6819
In base 2, what is -11100100 + -10010110?
-101111010
In base 10, what is 81 - 25?
56
In base 2, what is -10 + 1010110100010101111?
1010110100010101101
In base 14, what is 1abb - 6?
1ab5
In base 14, what is 8 + 3469?
3473
In base 5, what is -2234 + 24341?
22102
In base 8, what is 10 + 1654013?
1654023
In base 13, what is -53799 + -4?
-537a0
In base 7, what is 2 + 16652?
16654
In base 13, what is 5 - 2a58?
-2a53
In base 8, what is 457 + 40?
517
In base 14, what is -20 + 7595?
7575
In base 7, what is -4 - -2623345?
2623341
In base 14, what is -139c + -5?
-13a3
In base 7, what is -4 - -11553?
11546
In base 15, what is 12b + ae?
1da
In base 5, what is -210340 - -1111?
-204224
In base 15, what is -257c1 + 0?
-257c1
In base 8, what is 10215 + -40?
10155
In base 7, what is 156 - -153464?
153653
In base 16, what is 5 - -3f215?
3f21a
In base 7, what is 14 + -103660?
-103643
In base 4, what is 1 + 2032301?
2032302
In base 8, what is 54615 + 7?
54624
In base 12, what is 4 + -60890?
-60888
In base 5, what is 42212 - 4013?
33144
In base 11, what is -22737 - 11?
-22748
In base 9, what is 1 + 883850?
883851
In base 3, what is 211120022022 + 2?
211120022101
In base 6, what is -223142 - 3?
-223145
In base 6, what is -1555320 + 4?
-1555312
In base 2, what is -11000 - -1111010110001?
1111010011001
In base 12, what is -45b233 - -2?
-45b231
In base 2, what is 11110001001110001010 - -10?
11110001001110001100
In base 13, what is -631 + -42?
-673
In base 12, what is -2996 - 167?
-2b41
In base 9, what is 3 + 3617?
3621
In base 15, what is 144c0 - 5?
144ba
In base 2, what is 11000110001 - 1011011110?
1101010011
In base 13, what is 52 - -540?
592
In base 7, what is 42 - -1022224?
1022266
In base 15, what is -cae + 28?
-c86
In base 9, what is 1212 - 57?
1144
In base 15, what is -1dc72 + 2?
-1dc70
In base 16, what is 3 + 17e5c?
17e5f
In base 15, what is -1210b + -3?
-1210e
In base 2, what is -1011101100 + 1101?
-1011011111
In base 5, what is 444011 - -22?
444033
In base 4, what is -11 + -1321311220?
-1321311231
In base 4, what is 3 - 32122031?
-32122022
In base 13, what is -34a8 - 1b?
-34c6
In base 11, what is -4 + -76360?
-76364
In base 10, what is -229425 - 3?
-229428
In base 6, what is 1 + -2530223?
-2530222
In base 12, what is -169 + -125?
-292
In base 11, what is 521a3 + -4?
5219a
In base 13, what is -539c - 2b?
-53ca
In base 15, what is 4 - -153db?
153e0
In base 4, what is -10102013 - 11?
-10102030
In base 13, what is -180 + 151?
-2c
In base 16, what is -185 - -45?
-140
In base 8, what is 576 - 3106?
-2310
In base 4, what is 12302303 + -22?
12302221
In base 2, what is 110 + -1000010101101001000?
-1000010101101000010
In base 2, what is -11110 + 11110001110?
11101110000
In base 2, what is -1000010100 - 10?
-1000010110
In base 2, what is 1001 - 1010010101100010?
-1010010101011001
In base 14, what is -1822 - -62?
-17a0
In base 8, what is -2 - 141501?
-141503
In base 10, what is -70 + -6994?
-7064
In base 9, what is -31 - 373?
-414
In base 11, what is 18434 - 7?
18428
In base 9, what is -4 + -62082?
-62086
In base 10, what is -9 - 9480?
-9489
In base 2, what is -1 + 11111001111001?
11111001111000
In base 11, what is 3 + 637796?
637799
In base 6, what is -445442 + 34?
-445404
In base 14, what is 0 + -d7964?
-d7964
In base 10, what is 7 - -9919?
9926
In base 13, what is -72574 - 0?
-72574
In base 2, what is -11001 + -1101111010001001?
-1101111010100010
In base 16, what is -caf - 7?
-cb6
In base 5, what is 2043 - -3222?
10320
In base 15, what is -36d1b + 5?
-36d16
In base 10, what is 440431 - 3?
440428
In base 3, what is -120010101 - -102221?
-112200110
In base 14, what is -8 - 5da7?
-5db1
In base 9, what is -1240 - -25?
-1214
In base 9, what is 2630 + 17?
2647
In base 2, what is 11100000001110011011001 + 100?
11100000001110011011101
In base 11, what is 148 + 195?
332
In base 4, what is -3200 + -1213011?
-1222211
In base 4, what is -10 - 1120230?
-1120300
In base 7, what is 20361 + -423?
16635
In base 7, what is 4 - 2523261?
-2523254
In base 8, what is 3326 - -24?
3352
In base 2, what is -101010110 - 111001000?
-1100011110
In base 5, what is 10300 - 12240?
-1440
In base 12, what is 7 - -3095?
30a0
In base 14, what is 35c5 + 19?
3600
In base 3, what is 11200220220 + 20?
11200221010
In base 7, what is 2 - 4114453?
-4114451
In base 7, what is -5643 - 10?
-5653
In base 13, what is -4 - 3cb0?
-3cb4
In base 16, what is -5 + -1e847?
-1e84c
In base 3, what is 12 - 1101122202211?
-1101122202122
In base 3, what is -122122 - 10012?
-202211
In base 10, what is -377499 - -1?
-377498
In base 14, what is 4a05c7 + 3?
4a05ca
In base 16, what is 12 + 100a?
101c
In base 9, what is 6302 - 587?
5604
In base 9, what is 1 - -3271358?
3271360
In base 2, what is -1 - -11001110000?
11001101111
In base 4, what is -23 - 31211?
-31300
In base 2, what is 10101 + 101011011111?
101011110100
In base 15, what is -4e + 58bc?
586d
In base 2, what is 111001110100 + 1011000?
111011001100
In base 11, what is -463 - -1175?
812
In base 15, what is 1 - -33b91?
33b92
In base 10, what is -47157 + -12?
-47169
In base 16, what is -8 + -578?
-580
In base 15, what is 7e914 - 0?
7e914
In base 2, what is -1010010010011 + 101111001?
-1001100011010
In base 13, what is -525b + -46?
-52a4
In base 11, what is 28544 + 5?
28549
In base 10, what is 59482 - -1?
59483
In base 7, what is -1612 - 401?
-2313
In base 4, what is -120 - 3322?
-10102
In base 13, what is -2 + 179a2?
179a0
In base 15, what is -13e - -d0b?
bbc
In base 15, what is 3e5a - 185?
3cc5
In base 11, what is 4a - -179?
218
In base 2, what is -111010100111010 - -111?
-111010100110011
In base 3, what is 112110 + -1020220?
-201110
In base 10, what is -3 + 5496?
5493
In base 16, what is -8 - -1fa?
1f2
In base 8, what is -34136 + 13?
-34123
In base 2, what is 110011110 + -100000?
101111110
In base 2, what is -11101011110100 - 1101?
-11101100000001
In base 13, what is 320 + -19a?
153
In base 12, what is 725 - 13?
712
In base 2, what is 100111010010 - -110000?
101000000010
In base 8, what is -1133 + -2520?
-3653
In base 9, what is -5 + 315601?
315585
In base 2, what is 100110110100111 - -100?
100110110101011
In base 10, what is 9050 - 175?
8875
In base 9, what is -42 - -520?
467
In base 13, what is 7 - 177?
-170
In base 8, what is -1323 + 331?
-772
In base 13, what is 299 + 6c?
338
In base 13, what is -1b + -10310?
-1032b
In base 2, what is -1 + -100110010100101001?
-100110010100101010
In base 6, what is 220 - 411?
-151
In base 3, what is 12 - 1211112220?
-1211112201
In base 8, what is 1 - 4361?
-4360
In base 15, what is 489c - -55?
4902
In base 10, what is 18546 - -5?
18551
In base 13, what is -19 + 1a26?
1a0a
In base 11, what is 2 + -753519?
-753517
In base 8, what is -24 + -2047?
-2073
In base 3, what is 1100 + -12220?
-11120
In base 15, what is -67542 - 0?
-67542
In base 2, what is -110100 - 110100?
-1101000
In base 13, what is 4 - 7c16?
-7c12
In base 2, what is 110001 + 1010011101000?
1010100011001
In base 5, what is -3 + -1201130?
-12